e the highest common factor of 437 and 589.
19
Calculate the highest common divisor of 60 and 460.
20
What is the highest common divisor of 162 and 342?
18
Calculate the greatest common factor of 525 and 75.
75
Calculate the greatest common factor of 95 and 15.
5
What is the highest common divisor of 3918 and 6?
6
Calculate the highest common factor of 161 and 112.
7
What is the greatest common factor of 33939 and 9?
9
What is the highest common factor of 100 and 8100?
100
Calculate the greatest common divisor of 36 and 6174.
18
What is the highest common divisor of 36 and 81?
9
Calculate the greatest common divisor of 42 and 28.
14
Calculate the highest common factor of 3575 and 39.
13
Calculate the greatest common divisor of 112 and 4064.
16
What is the greatest common factor of 84099 and 291?
291
What is the greatest common factor of 55 and 125?
5
What is the highest common divisor of 189 and 324?
27
Calculate the greatest common divisor of 5673 and 549.
183
Calculate the greatest common divisor of 156 and 988.
52
What is the highest common factor of 99 and 957?
33
Calculate the highest common factor of 1686 and 6.
6
What is the highest common divisor of 4 and 388?
4
What is the highest common divisor of 616 and 16?
8
Calculate the highest common factor of 84 and 903.
21
What is the greatest common factor of 99 and 132?
33
What is the highest common divisor of 210 and 84?
42
Calculate the greatest common divisor of 17 and 1377.
17
What is the highest common divisor of 678 and 12?
6
Calculate the highest common divisor of 40 and 38840.
40
What is the highest common factor of 130 and 32045?
65
Calculate the highest common divisor of 4490 and 10.
10
Calculate the highest common divisor of 20 and 60.
20
Calculate the greatest common factor of 6 and 543.
3
Calculate the highest common factor of 110 and 35.
5
What is the highest common divisor of 60 and 2420?
20
What is the greatest common factor of 182 and 112?
14
What is the greatest common divisor of 270 and 50?
10
What is the greatest common divisor of 10278 and 18?
18
What is the highest common divisor of 8 and 2804?
4
Calculate the highest common factor of 1206 and 18.
18
What is the greatest common divisor of 192 and 928?
32
Calculate the highest common factor of 96 and 112.
16
Calculate the greatest common divisor of 7239 and 57.
57
What is the highest common factor of 30 and 54?
6
What is the highest common factor of 18393 and 3?
3
What is the highest common factor of 364 and 52?
52
Calculate the highest common divisor of 399 and 57.
57
Calculate the highest common divisor of 423 and 705.
141
What is the highest common factor of 1060 and 380?
20
What is the highest common factor of 49 and 1631?
7
What is the greatest common divisor of 19644 and 12?
12
What is the greatest common divisor of 2 and 2?
2
What is the highest common divisor of 48 and 56904?
24
What is the greatest common factor of 101 and 1616?
101
Calculate the greatest common factor of 4 and 908.
4
Calculate the highest common divisor of 23 and 15111.
23
What is the greatest common factor of 203 and 58?
29
What is the greatest common divisor of 23 and 15479?
23
What is the greatest common divisor of 48 and 4560?
48
What is the highest common factor of 1060 and 583?
53
What is the highest common factor of 1635 and 15?
15
What is the greatest common divisor of 35 and 1057?
7
What is the greatest common divisor of 72 and 1?
1
What is the highest common divisor of 351 and 26?
13
What is the highest common factor of 3024 and 48?
48
Calculate the highest common factor of 105 and 310.
5
Calculate the greatest common divisor of 1300 and 100.
100
Calculate the greatest common factor of 13550 and 200.
50
What is the highest common factor of 492 and 9?
3
Calculate the greatest common factor of 729 and 99.
9
Calculate the highest common divisor of 15 and 1080.
15
Calculate the greatest common factor of 273 and 39.
39
Calculate the highest common factor of 88 and 8.
8
What is the highest common divisor of 12 and 744?
12
What is the highest common factor of 164 and 12?
4
Calculate the greatest common divisor of 8 and 15152.
8
Calculate the highest common factor of 1936 and 144.
16
What is the highest common factor of 44477 and 79?
79
What is the greatest common factor of 10 and 8?
2
What is the greatest common factor of 6794 and 79?
79
What is the greatest common divisor of 8 and 392?
8
What is the greatest common factor of 112 and 312?
8
What is the greatest common factor of 8 and 376?
8
What is the greatest common divisor of 2068 and 44?
44
What is the highest common divisor of 530 and 20?
10
Calculate the greatest common factor of 3664 and 16.
16
Calculate the highest common divisor of 7 and 273.
7
What is the greatest common divisor of 28 and 1022?
14
Calculate the highest common divisor of 18 and 324.
18
Calculate the highest common divisor of 60 and 810.
30
What is the highest common factor of 7248 and 48?
48
What is the greatest common factor of 3807 and 2397?
141
Calculate the highest common divisor of 153 and 288.
9
Calculate the greatest common divisor of 1452 and 36.
12
Calculate the greatest common divisor of 408 and 255.
51
What is the highest common divisor of 10 and 1495?
5
What is the highest common divisor of 1768 and 1040?
104
Calculate the highest common factor of 62111 and 133.
133
Calculate the highest common divisor of 182 and 266.
14
What is the highest common factor of 425 and 40?
5
What is the greatest common factor of 204 and 24?
12
What is the highest common factor of 60 and 780?
60
Calculate the greatest common divisor of 38714 and 26.
26
What is the highest common divisor of 194 and 485?
97
What is the greatest common divisor of 140 and 15?
5
Calculate the greatest common factor of 38 and 171.
19
Calculate the greatest common factor of 3004 and 4.
4
What is the highest common divisor of 304 and 494?
38
Calculate the greatest common divisor of 5837 and 13.
13
What is the greatest common factor of 522 and 18?
18
Calculate the highest common factor of 100 and 130.
10
What is the highest common divisor of 14 and 1183?
7
Calculate the greatest common divisor of 106 and 4.
2
Calculate the highest common factor of 17 and 3349.
17
What is the highest common factor of 12 and 156?
12
What is the greatest common divisor of 3 and 1416?
3
What is the highest common factor of 12 and 556?
4
What is the highest common divisor of 48 and 176?
16
Calculate the highest common factor of 6755 and 35.
35
Calculate the greatest common factor of 240 and 1296.
48
What is the greatest common divisor of 120 and 440?
40
Calculate the greatest common factor of 117 and 1365.
39
Calculate the highest common divisor of 1 and 32.
1
What is the greatest common divisor of 5835 and 30?
15
What is the highest common divisor of 13724 and 141?
47
What is the greatest common divisor of 3075 and 451?
41
What is the greatest common divisor of 132 and 759?
33
What is the greatest common divisor of 2104 and 8?
8
Calculate the greatest common divisor of 45 and 165.
15
What is the greatest common divisor of 26642 and 154?
154
What is the highest common divisor of 65 and 39?
13
Calculate the greatest common divisor of 186 and 4371.
93
What is the greatest common factor of 27 and 3?
3
What is the greatest common factor of 50 and 550?
50
What is the greatest common factor of 1844 and 4?
4
Calculate the highest common divisor of 312 and 144.
24
What is the highest common divisor of 143 and 33?
11
Calculate the highest common divisor of 2466 and 18.
18
Calculate the highest common factor of 140 and 10115.
35
Calculate the greatest common factor of 297 and 27.
27
What is the greatest common factor of 72 and 15?
3
Calculate the highest common divisor of 20 and 1120.
20
What is the highest common divisor of 135 and 10?
5
Calculate the greatest common divisor of 322 and 46.
46
Calculate the greatest common divisor of 12 and 4.
4
Calculate the greatest common divisor of 414 and 2047.
23
What is the greatest common factor of 415 and 4233?
83
Calculate the highest common factor of 471 and 12.
3
Calculate the highest common factor of 44 and 20.
4
What is the greatest common factor of 135 and 870?
15
What is the greatest common divisor of 37 and 1147?
37
What is th